{"id":947,"date":"2019-08-27T11:21:15","date_gmt":"2019-08-27T10:21:15","guid":{"rendered":"https:\/\/www.pool-agri.com\/quick-cover\/?page_id=947"},"modified":"2019-08-27T11:40:43","modified_gmt":"2019-08-27T10:40:43","slug":"teilnahmebedingungen-fuer-quick-cover-foto-gewinnspiel-2019","status":"publish","type":"page","link":"https:\/\/www.pool-agri.com\/quick-cover\/teilnahmebedingungen-fuer-quick-cover-foto-gewinnspiel-2019\/?lang=de","title":{"rendered":"Teilnahmebedingungen f\u00fcr Quick-Cover Foto-Gewinnspiel 2019"},"content":{"rendered":"<p><span style=\"color: #000000;\">Zur Teilnahme m\u00fcssen die Teilnehmer das Posting und die Quick-Cover Facebook-Seite liken und ein Foto hochladen. Eine Person nimmt am Gewinnspiel teil, indem sie \u2013 gem\u00e4\u00df der Angaben \u2013 maximal 1 Foto an die genannte Adresse schickt. Das Foto soll eine oder mehrere Quick-Cover Laderaumabdeckungen zeigen im Einsatz bei der Maisernte 2019 und sollte gepostet werden unter unsere Facebook Seite <a style=\"color: #000000;\" href=\"https:\/\/www.facebook.com\/QuickCoverLaderaumAbdeckung\/\">https:\/\/www.facebook.com\/QuickCoverLaderaumAbdeckung\/<\/a> in den Kommentaren des Quick-Cover Foto-Gewinnspiel Beitrags. Nur Bilder von Quick-Cover Laderaumabdeckungen erf\u00fcllen die Kriterien. Der Veranstalter soll die Fotos anschlie\u00dfend online ver\u00f6ffentlichen d\u00fcrfen.<\/span><\/p>\n<h4><span style=\"color: #000000;\">1. Gegenstand der Teilnahmebedingungen und Veranstalter<\/span><\/h4>\n<p><span style=\"color: #000000;\">(1)\u00a0\u00a0\u00a0\u00a0 Diese Teilnahmebedingungen regeln die Bedingungen f\u00fcr eine Teilnahme an dem Gewinnspiel sowie gegebenenfalls erforderliche Rechte\u00fcbertragungen. Die Beschreibung und der Ablauf des jeweiligen Gewinnspiels erfolgen im Rahmen der jeweiligen Gewinnspielaktion auf der Facebook-Seite von Quick-Cover Laderaumabdeckungen.<\/span><\/p>\n<p><span style=\"color: #000000;\">(2)\u00a0\u00a0\u00a0\u00a0 Veranstalter des Gewinnspiels ist Pool Agri Import &amp; Export, Schutsluis 15, 7681KG, Niederlande.<\/span><\/p>\n<p><span style=\"color: #000000;\">(3)\u00a0\u00a0\u00a0\u00a0 Mit Teilnahme an dem jeweiligen Gewinnspiel werden diese Teilnahmebedingungen angenommen.<\/span><\/p>\n<p><span style=\"color: #000000;\">(4)\u00a0\u00a0\u00a0\u00a0 Das Gewinnspiel steht in keiner Verbindung zu Facebook, es wird weder von Facebook gesponsert, unterst\u00fctzt noch organisiert.<\/span><\/p>\n<h4><span style=\"color: #000000;\">2. Teilnahme<\/span><\/h4>\n<p><span style=\"color: #000000;\">(1)\u00a0\u00a0\u00a0\u00a0 Teilnahmeberechtigt am Gewinnspiel sind alle, die das 18. Lebensjahr vollendet und ihren Wohnsitz in einem Mitgliedsland des europ\u00e4ischen Union haben. Ausgeschlossen sind Mitarbeiter von Pool Agri Import &amp; Export sowie verbundener Unternehmen sowie Angeh\u00f6rige solcher Mitarbeiter und deren Verwandte. Die Teilnahme mit gef\u00e4lschten Identit\u00e4ten oder mit Identit\u00e4ten von Dritten ist nicht erlaubt.<\/span><\/p>\n<p><span style=\"color: #000000;\">(2)\u00a0\u00a0\u00a0\u00a0 Teilnahmeberechtigte k\u00f6nnen an dem Gewinnspiel teilnehmen, indem sie das Gewinnspiel-Posting und die Facebook Seite der Veranstalter liken (\u201eGef\u00e4llt-mir\u201c klicken) und diese Bewertung jedenfalls bis zur Auswahl der Gewinner belassen.<\/span><\/p>\n<p><span style=\"color: #000000;\">(3)\u00a0\u00a0\u00a0\u00a0 Voraussetzung ist ferner, dass ein Foto, das eine oder mehrere Quick-Cover Laderaumabdeckungen im Einsatz bei der Maisernte zeigt und reichen Sie es unter unsere Facebook Seite <a style=\"color: #000000;\" href=\"https:\/\/www.facebook.com\/QuickCoverLaderaumAbdeckung\/\">https:\/\/www.facebook.com\/QuickCoverLaderaumAbdeckung\/<\/a> \u00a0\u00a0in den Kommentaren ein. Das Bild sollte Fahrzeuge bzw. H\u00e4ckselwagen mit Quick-Cover Laderaumabdeckung im Einsatz bei der Maisernte 2019 zeigen. Nur Bilder von Quick-Cover Laderaumabdeckungen erf\u00fcllen die Kriterien. Bilder von Laderaumabdeckungen anderer Hersteller sind nicht zugelassen.<\/span><\/p>\n<p><span style=\"color: #000000;\">(4)\u00a0\u00a0\u00a0\u00a0 Die Teilnahme ist bis zum 10.10.2019 m\u00f6glich.<\/span><\/p>\n<h4><span style=\"color: #000000;\">3. Gewinne und Gewinnbenachrichtigung<\/span><\/h4>\n<p><span style=\"color: #000000;\">(1)\u00a0\u00a0\u00a0\u00a0 Unter allen teilnahmeberechtigten Teilnehmern verlosen wir 3x 2 Eintrittskarten<\/span><br \/>\n<span style=\"color: #000000;\">f\u00fcr einen AGRITECHNICA Exklusiv-Tag am 10. oder am 11.11.2019.<\/span><\/p>\n<p><span style=\"color: #000000;\">(2)\u00a0\u00a0\u00a0\u00a0 Die Gewinner werden innerhalb einer Woche nach Teilnahmeschluss unter allen teilnahmeberechtigten Teilnehmern per Zufallsprinzip ermittelt. Die Gewinner werden per Facebook-Kommentar-Funktion oder in einem gesonderten Posting benachrichtigt und aufgefordert, eine E-Mail an eine dort angegebene E-Mail-Adresse zu senden, in der die pers\u00f6nlichen Daten ordnungs- und wahrheitsgem\u00e4\u00df vollst\u00e4ndig \u00fcbermittelt werden. Diese Angaben dienen der \u00dcbersendung des Gewinns.<\/span><\/p>\n<p><span style=\"color: #000000;\">(3)\u00a0\u00a0\u00a0\u00a0 Geht von einem Gewinner innerhalb der angegebenen Frist keine E-Mail bei uns ein, erlischt der Gewinnanspruch. Wir sind in diesem Fall berechtigt, eine Ersatzauslosung durchzuf\u00fchren.<\/span><\/p>\n<p><span style=\"color: #000000;\">(3)\u00a0\u00a0\u00a0\u00a0 Je Teilnehmer ist nur ein Gewinn m\u00f6glich.<\/span><\/p>\n<p><span style=\"color: #000000;\">(4)\u00a0\u00a0\u00a0\u00a0 Der Gewinn ist weder \u00fcbertragbar, noch kann der Gewinn getauscht oder in bar ausgezahlt werden.<\/span><\/p>\n<p><span style=\"color: #000000;\">(5)\u00a0\u00a0\u00a0\u00a0 Sofern Umst\u00e4nde eintreten, die wir nicht zu vertreten haben, akzeptiert der jeweilige Gewinner einen angemessenen Ersatzgewinn. Solche nicht zu vertretenden Umst\u00e4nde sind insbesondere solche, die bei den Sponsoren der Gewinne liegen.<\/span><\/p>\n<p><span style=\"color: #000000;\">(6)\u00a0\u00a0\u00a0\u00a0 Die Gewinne werden dem Gewinner per E-Mail an die angegebene Anschrift gesendet. Mit \u00dcbergabe des Gewinns an eine Transportperson geht die Gefahr auf den Gewinner \u00fcber. F\u00fcr Liefersch\u00e4den sind wir nicht verantwortlich.<\/span><\/p>\n<h4><span style=\"color: #000000;\">4. Nutzungsrechtseinr\u00e4umung<\/span><\/h4>\n<p><span style=\"color: #000000;\">(1)\u00a0\u00a0\u00a0\u00a0 Der Teilnehmer garantiert, Inhaber der erforderlichen Rechte an den hochgeladenen bzw. verlinkten Fotos zu sein. Ist der Teilnehmer nicht alleiniger Urheber oder Rechteinhaber, erkl\u00e4rt er ausdr\u00fccklich, \u00fcber die f\u00fcr die Teilnahme am Gewinnspiel erforderlichen Rechte zu verf\u00fcgen.<\/span><\/p>\n<p><span style=\"color: #000000;\">(2)\u00a0\u00a0\u00a0\u00a0 Der Teilnehmer r\u00e4umt uns an dem von ihm verwendeten Foto nachfolgende einfache, zeitlich und r\u00e4umlich unbegrenzte aber nicht exklusive Nutzungsrechte ein:<\/span><\/p>\n<ul>\n<li><span style=\"color: #000000;\">das Recht zur Speicherung des Fotos auf einem Server;<\/span><\/li>\n<li><span style=\"color: #000000;\">das Recht, das Foto der \u00d6ffentlichkeit ganz oder teilweise \u00fcber Facebook und unseren Websites (insbesondere <a style=\"color: #000000;\" href=\"http:\/\/www.quick-cover.eu\">www.quick-cover.eu<\/a> bzw. <a style=\"color: #000000;\" href=\"http:\/\/www.pool-agri.com\">www.pool-agri.com<\/a>) zug\u00e4nglich zu machen;<\/span><\/li>\n<li><span style=\"color: #000000;\">das Recht, das Foto zur Bewerbung unserer Produkte zu nutzen;<\/span><\/li>\n<li><span style=\"color: #000000;\">das Recht zur Bearbeitung des Fotos, wobei das Bild nicht verfremdet werden darf.<\/span><\/li>\n<\/ul>\n<p><span style=\"color: #000000;\">(3)\u00a0\u00a0\u00a0\u00a0 Wir werden bei der Verwendung des Bildes in geeigneter Weise den Urheber kenntlich machen, soweit dies unter Ber\u00fccksichtigung der konkreten Verwendungsform tunlich ist.<\/span><\/p>\n<p><span style=\"color: #000000;\">(4)\u00a0\u00a0\u00a0\u00a0 Mit der Annahme des Gewinns willigt der Gewinner ein, dass wir seinen Namen zu Werbezwecken verwenden d\u00fcrfen.<\/span><\/p>\n<h4><span style=\"color: #000000;\">5. Haftung und Freistellung<\/span><\/h4>\n<p><span style=\"color: #000000;\">(1)\u00a0\u00a0\u00a0\u00a0 Sofern der Teilnehmer Fotos hochl\u00e4dt, garantiert der Teilnehmer, dass er keine Inhalte \u00fcbersenden wird, deren Bereitstellung, Ver\u00f6ffentlichung oder Nutzung gegen geltendes Recht oder Rechte Dritter verst\u00f6\u00dft.<\/span><\/p>\n<p><span style=\"color: #000000;\">(2)\u00a0\u00a0\u00a0\u00a0 Der Teilnehmer stellt uns von Anspr\u00fcchen Dritter gleich welcher Art frei, die aus der Rechtswidrigkeit von Fotos resultieren, die der Teilnehmer verwendet hat. Die Freistellungsverpflichtung umfasst auch die Verpflichtung, den Veranstalter von Rechtsverteidigungskosten (z.B. Gerichts- und Anwaltskosten) vollst\u00e4ndig freizustellen.<\/span><\/p>\n<p><span style=\"color: #000000;\">(3)\u00a0\u00a0\u00a0\u00a0 Mit der Teilnahme am Gewinnspiel stellt der Teilnehmer Facebook von jeder Haftung frei.<\/span><\/p>\n<h4><span style=\"color: #000000;\">6. Ausschluss<\/span><\/h4>\n<p><span style=\"color: #000000;\">(1)\u00a0\u00a0\u00a0\u00a0 Ein Versto\u00df gegen diese Teilnahmebedingungen berechtigt uns, den jeweiligen Teilnehmer von der Teilnahme auszuschlie\u00dfen. Dies gilt insbesondere, wenn der Teilnehmer falsche Angaben macht oder verwendete Fotos oder andere Inhalte (z.B. Kommentare) geltendes Recht oder Rechte Dritter verletzen. Gleiches gilt bei Kommentaren, die als gewaltverherrlichend, anst\u00f6\u00dfig, bel\u00e4stigend oder herabw\u00fcrdigend angesehen werden k\u00f6nnen oder in sonstiger Weise gegen das gesellschaftliche Anstandsgef\u00fchl versto\u00dfen.<\/span><\/p>\n<p><span style=\"color: #000000;\">(2)\u00a0\u00a0\u00a0\u00a0 Handelt es sich bei dem ausgeschlossenen Teilnehmer um einen bereits ausgelosten Gewinner, kann der Gewinn nachtr\u00e4glich aberkannt werden.<\/span><\/p>\n<h4><span style=\"color: #000000;\">7. Vorzeitige Beendigung sowie \u00c4nderungen<\/span><\/h4>\n<p><span style=\"color: #000000;\">Wir behalten uns das Recht vor, das Gewinnspiel jederzeit, auch ohne Einhaltung von Fristen, ganz oder teilweise vorzeitig zu beenden oder in seinem Verlauf abzu\u00e4ndern, wenn es aus technischen (z.B. Computervirus, Manipulation von oder Fehler in Software\/Hardware) oder rechtlichen Gr\u00fcnden (z.B. Untersagung durch Facebook) nicht m\u00f6glich ist, eine ordnungsgem\u00e4\u00dfe Durchf\u00fchrung des Gewinnspiels zu garantieren.<\/span><\/p>\n<h4><span style=\"color: #e0e0e0;\">8. Datenschutz<\/span><\/h4>\n<p><span style=\"color: #e0e0e0;\">Wir sind verantwortlich f\u00fcr die Erhebung, Verarbeitung und Nutzung von personenbezogenen Daten der Teilnehmer, sofern wir diese selbst verarbeiten. Wir werden die Angaben zur Person des Teilnehmers sowie seine sonstigen personenbezogenen Daten nur im Rahmen der gesetzlichen Bestimmungen des Datenschutzrechtes verwenden. Wir werden die Informationen nur insoweit speichern, verarbeiten und nutzen, soweit dies f\u00fcr die Durchf\u00fchrung des Gewinnspiels erforderlich ist bzw. eine Einwilligung des Teilnehmers vorliegt. Dies umfasst auch eine Verwendung zur Aus\u00fcbung der einger\u00e4umten Nutzungsrechte. Die Daten werden ausschlie\u00dflich zur Durchf\u00fchrung des Gewinnspiels verwendet und anschlie\u00dfend gel\u00f6scht.<\/span><\/p>\n<p><span style=\"color: #e0e0e0;\">Der Teilnehmer kann jederzeit Auskunft \u00fcber die zu seiner Person gespeicherten Daten verlangen. Im \u00dcbrigen gilt unsere Datenschutzerkl\u00e4rung entsprechend, die unter <a style=\"color: #e0e0e0;\" href=\"https:\/\/www.pool-agri.com\/de\/\">https:\/\/www.pool-agri.com\/de\/<\/a> abrufbar ist.<\/span><\/p>\n<h4><span style=\"color: #e0e0e0;\">9. Schlussbestimmungen<\/span><\/h4>\n<p><span style=\"color: #e0e0e0;\">(1)\u00a0\u00a0\u00a0\u00a0 Sollten die Teilnahmebedingungen unwirksame Regelungen enthalten, bleibt die Wirksamkeit der Bedingungen im \u00dcbrigen unber\u00fchrt.<\/span><\/p>\n<p><span style=\"color: #e0e0e0;\">(2)\u00a0\u00a0\u00a0\u00a0 Es gilt niederl\u00e4ndisches Recht. Ein Rechtsweg zur \u00dcberpr\u00fcfung der Auslosung ist ausgeschlossen.<\/span><\/p>\n","protected":false},"excerpt":{"rendered":"<p>Zur Teilnahme m\u00fcssen die Teilnehmer das Posting und die Quick-Cover Facebook-Seite liken und ein Foto hochladen. Eine Person nimmt am Gewinnspiel teil, indem sie \u2013 gem\u00e4\u00df der Angaben \u2013 maximal 1 Foto an die genannte Adresse schickt. Das Foto soll eine oder mehrere Quick-Cover Laderaumabdeckungen zeigen im Einsatz bei der Maisernte 2019 und sollte gepostet<br \/><a href=\"https:\/\/www.pool-agri.com\/quick-cover\/teilnahmebedingungen-fuer-quick-cover-foto-gewinnspiel-2019\/?lang=de\" class=\"more\">Read more<\/a><\/p>\n","protected":false},"author":2,"featured_media":952,"parent":0,"menu_order":0,"comment_status":"closed","ping_status":"closed","template":"","meta":{"_acf_changed":false,"footnotes":""},"class_list":["post-947","page","type-page","status-publish","has-post-thumbnail","hentry"],"acf":[],"yoast_head":"<!-- This site is optimized with the Yoast SEO plugin v27.5 - https:\/\/yoast.com\/product\/yoast-seo-wordpress\/ -->\n<title>Teilnahmebedingungen f\u00fcr Quick-Cover Foto-Gewinnspiel 2019 - Quick-Cover<\/title>\n<meta name=\"robots\" content=\"index, follow, max-snippet:-1, max-image-preview:large, max-video-preview:-1\" \/>\n<link rel=\"canonical\" href=\"https:\/\/www.pool-agri.com\/quick-cover\/teilnahmebedingungen-fuer-quick-cover-foto-gewinnspiel-2019\/?lang=de\" \/>\n<meta property=\"og:locale\" content=\"nl_NL\" \/>\n<meta property=\"og:type\" content=\"article\" \/>\n<meta property=\"og:title\" content=\"Teilnahmebedingungen f\u00fcr Quick-Cover Foto-Gewinnspiel 2019 - Quick-Cover\" \/>\n<meta property=\"og:description\" content=\"Zur Teilnahme m\u00fcssen die Teilnehmer das Posting und die Quick-Cover Facebook-Seite liken und ein Foto hochladen. Eine Person nimmt am Gewinnspiel teil, indem sie \u2013 gem\u00e4\u00df der Angaben \u2013 maximal 1 Foto an die genannte Adresse schickt. Das Foto soll eine oder mehrere Quick-Cover Laderaumabdeckungen zeigen im Einsatz bei der Maisernte 2019 und sollte gepostetRead more\" \/>\n<meta property=\"og:url\" content=\"https:\/\/www.pool-agri.com\/quick-cover\/teilnahmebedingungen-fuer-quick-cover-foto-gewinnspiel-2019\/?lang=de\" \/>\n<meta property=\"og:site_name\" content=\"Quick-Cover\" \/>\n<meta property=\"article:modified_time\" content=\"2019-08-27T10:40:43+00:00\" \/>\n<meta property=\"og:image\" content=\"https:\/\/www.pool-agri.com\/quick-cover\/wp-content\/uploads\/sites\/19\/2019\/08\/Quick-Cover-ED-ALU-John-Austin-New-Zealand-mais-2019-6-kopie.jpg\" \/>\n\t<meta property=\"og:image:width\" content=\"948\" \/>\n\t<meta property=\"og:image:height\" content=\"484\" \/>\n\t<meta property=\"og:image:type\" content=\"image\/jpeg\" \/>\n<meta name=\"twitter:label1\" content=\"Geschatte leestijd\" \/>\n\t<meta name=\"twitter:data1\" content=\"5 minuten\" \/>\n<script type=\"application\/ld+json\" class=\"yoast-schema-graph\">{\"@context\":\"https:\\\/\\\/schema.org\",\"@graph\":[{\"@type\":\"WebPage\",\"@id\":\"https:\\\/\\\/www.pool-agri.com\\\/quick-cover\\\/teilnahmebedingungen-fuer-quick-cover-foto-gewinnspiel-2019\\\/?lang=de\",\"url\":\"https:\\\/\\\/www.pool-agri.com\\\/quick-cover\\\/teilnahmebedingungen-fuer-quick-cover-foto-gewinnspiel-2019\\\/?lang=de\",\"name\":\"Teilnahmebedingungen f\u00fcr Quick-Cover Foto-Gewinnspiel 2019 - Quick-Cover\",\"isPartOf\":{\"@id\":\"https:\\\/\\\/www.pool-agri.com\\\/quick-cover\\\/#website\"},\"primaryImageOfPage\":{\"@id\":\"https:\\\/\\\/www.pool-agri.com\\\/quick-cover\\\/teilnahmebedingungen-fuer-quick-cover-foto-gewinnspiel-2019\\\/?lang=de#primaryimage\"},\"image\":{\"@id\":\"https:\\\/\\\/www.pool-agri.com\\\/quick-cover\\\/teilnahmebedingungen-fuer-quick-cover-foto-gewinnspiel-2019\\\/?lang=de#primaryimage\"},\"thumbnailUrl\":\"https:\\\/\\\/www.pool-agri.com\\\/quick-cover\\\/wp-content\\\/uploads\\\/sites\\\/19\\\/2019\\\/08\\\/Quick-Cover-ED-ALU-John-Austin-New-Zealand-mais-2019-6-kopie.jpg\",\"datePublished\":\"2019-08-27T10:21:15+00:00\",\"dateModified\":\"2019-08-27T10:40:43+00:00\",\"inLanguage\":\"nl-NL\",\"potentialAction\":[{\"@type\":\"ReadAction\",\"target\":[\"https:\\\/\\\/www.pool-agri.com\\\/quick-cover\\\/teilnahmebedingungen-fuer-quick-cover-foto-gewinnspiel-2019\\\/?lang=de\"]}]},{\"@type\":\"ImageObject\",\"inLanguage\":\"nl-NL\",\"@id\":\"https:\\\/\\\/www.pool-agri.com\\\/quick-cover\\\/teilnahmebedingungen-fuer-quick-cover-foto-gewinnspiel-2019\\\/?lang=de#primaryimage\",\"url\":\"https:\\\/\\\/www.pool-agri.com\\\/quick-cover\\\/wp-content\\\/uploads\\\/sites\\\/19\\\/2019\\\/08\\\/Quick-Cover-ED-ALU-John-Austin-New-Zealand-mais-2019-6-kopie.jpg\",\"contentUrl\":\"https:\\\/\\\/www.pool-agri.com\\\/quick-cover\\\/wp-content\\\/uploads\\\/sites\\\/19\\\/2019\\\/08\\\/Quick-Cover-ED-ALU-John-Austin-New-Zealand-mais-2019-6-kopie.jpg\",\"width\":948,\"height\":484},{\"@type\":\"WebSite\",\"@id\":\"https:\\\/\\\/www.pool-agri.com\\\/quick-cover\\\/#website\",\"url\":\"https:\\\/\\\/www.pool-agri.com\\\/quick-cover\\\/\",\"name\":\"Quick-Cover\",\"description\":\"Een andere Pool Agri websites site\",\"potentialAction\":[{\"@type\":\"SearchAction\",\"target\":{\"@type\":\"EntryPoint\",\"urlTemplate\":\"https:\\\/\\\/www.pool-agri.com\\\/quick-cover\\\/?s={search_term_string}\"},\"query-input\":{\"@type\":\"PropertyValueSpecification\",\"valueRequired\":true,\"valueName\":\"search_term_string\"}}],\"inLanguage\":\"nl-NL\"}]}<\/script>\n<!-- \/ Yoast SEO plugin. -->","yoast_head_json":{"title":"Teilnahmebedingungen f\u00fcr Quick-Cover Foto-Gewinnspiel 2019 - Quick-Cover","robots":{"index":"index","follow":"follow","max-snippet":"max-snippet:-1","max-image-preview":"max-image-preview:large","max-video-preview":"max-video-preview:-1"},"canonical":"https:\/\/www.pool-agri.com\/quick-cover\/teilnahmebedingungen-fuer-quick-cover-foto-gewinnspiel-2019\/?lang=de","og_locale":"nl_NL","og_type":"article","og_title":"Teilnahmebedingungen f\u00fcr Quick-Cover Foto-Gewinnspiel 2019 - Quick-Cover","og_description":"Zur Teilnahme m\u00fcssen die Teilnehmer das Posting und die Quick-Cover Facebook-Seite liken und ein Foto hochladen. Eine Person nimmt am Gewinnspiel teil, indem sie \u2013 gem\u00e4\u00df der Angaben \u2013 maximal 1 Foto an die genannte Adresse schickt. Das Foto soll eine oder mehrere Quick-Cover Laderaumabdeckungen zeigen im Einsatz bei der Maisernte 2019 und sollte gepostetRead more","og_url":"https:\/\/www.pool-agri.com\/quick-cover\/teilnahmebedingungen-fuer-quick-cover-foto-gewinnspiel-2019\/?lang=de","og_site_name":"Quick-Cover","article_modified_time":"2019-08-27T10:40:43+00:00","og_image":[{"width":948,"height":484,"url":"https:\/\/www.pool-agri.com\/quick-cover\/wp-content\/uploads\/sites\/19\/2019\/08\/Quick-Cover-ED-ALU-John-Austin-New-Zealand-mais-2019-6-kopie.jpg","type":"image\/jpeg"}],"twitter_misc":{"Geschatte leestijd":"5 minuten"},"schema":{"@context":"https:\/\/schema.org","@graph":[{"@type":"WebPage","@id":"https:\/\/www.pool-agri.com\/quick-cover\/teilnahmebedingungen-fuer-quick-cover-foto-gewinnspiel-2019\/?lang=de","url":"https:\/\/www.pool-agri.com\/quick-cover\/teilnahmebedingungen-fuer-quick-cover-foto-gewinnspiel-2019\/?lang=de","name":"Teilnahmebedingungen f\u00fcr Quick-Cover Foto-Gewinnspiel 2019 - Quick-Cover","isPartOf":{"@id":"https:\/\/www.pool-agri.com\/quick-cover\/#website"},"primaryImageOfPage":{"@id":"https:\/\/www.pool-agri.com\/quick-cover\/teilnahmebedingungen-fuer-quick-cover-foto-gewinnspiel-2019\/?lang=de#primaryimage"},"image":{"@id":"https:\/\/www.pool-agri.com\/quick-cover\/teilnahmebedingungen-fuer-quick-cover-foto-gewinnspiel-2019\/?lang=de#primaryimage"},"thumbnailUrl":"https:\/\/www.pool-agri.com\/quick-cover\/wp-content\/uploads\/sites\/19\/2019\/08\/Quick-Cover-ED-ALU-John-Austin-New-Zealand-mais-2019-6-kopie.jpg","datePublished":"2019-08-27T10:21:15+00:00","dateModified":"2019-08-27T10:40:43+00:00","inLanguage":"nl-NL","potentialAction":[{"@type":"ReadAction","target":["https:\/\/www.pool-agri.com\/quick-cover\/teilnahmebedingungen-fuer-quick-cover-foto-gewinnspiel-2019\/?lang=de"]}]},{"@type":"ImageObject","inLanguage":"nl-NL","@id":"https:\/\/www.pool-agri.com\/quick-cover\/teilnahmebedingungen-fuer-quick-cover-foto-gewinnspiel-2019\/?lang=de#primaryimage","url":"https:\/\/www.pool-agri.com\/quick-cover\/wp-content\/uploads\/sites\/19\/2019\/08\/Quick-Cover-ED-ALU-John-Austin-New-Zealand-mais-2019-6-kopie.jpg","contentUrl":"https:\/\/www.pool-agri.com\/quick-cover\/wp-content\/uploads\/sites\/19\/2019\/08\/Quick-Cover-ED-ALU-John-Austin-New-Zealand-mais-2019-6-kopie.jpg","width":948,"height":484},{"@type":"WebSite","@id":"https:\/\/www.pool-agri.com\/quick-cover\/#website","url":"https:\/\/www.pool-agri.com\/quick-cover\/","name":"Quick-Cover","description":"Een andere Pool Agri websites site","potentialAction":[{"@type":"SearchAction","target":{"@type":"EntryPoint","urlTemplate":"https:\/\/www.pool-agri.com\/quick-cover\/?s={search_term_string}"},"query-input":{"@type":"PropertyValueSpecification","valueRequired":true,"valueName":"search_term_string"}}],"inLanguage":"nl-NL"}]}},"_links":{"self":[{"href":"https:\/\/www.pool-agri.com\/quick-cover\/wp-json\/wp\/v2\/pages\/947","targetHints":{"allow":["GET"]}}],"collection":[{"href":"https:\/\/www.pool-agri.com\/quick-cover\/wp-json\/wp\/v2\/pages"}],"about":[{"href":"https:\/\/www.pool-agri.com\/quick-cover\/wp-json\/wp\/v2\/types\/page"}],"author":[{"embeddable":true,"href":"https:\/\/www.pool-agri.com\/quick-cover\/wp-json\/wp\/v2\/users\/2"}],"replies":[{"embeddable":true,"href":"https:\/\/www.pool-agri.com\/quick-cover\/wp-json\/wp\/v2\/comments?post=947"}],"version-history":[{"count":0,"href":"https:\/\/www.pool-agri.com\/quick-cover\/wp-json\/wp\/v2\/pages\/947\/revisions"}],"wp:featuredmedia":[{"embeddable":true,"href":"https:\/\/www.pool-agri.com\/quick-cover\/wp-json\/wp\/v2\/media\/952"}],"wp:attachment":[{"href":"https:\/\/www.pool-agri.com\/quick-cover\/wp-json\/wp\/v2\/media?parent=947"}],"curies":[{"name":"wp","href":"https:\/\/api.w.org\/{rel}","templated":true}]}}