{"id":1001,"date":"2015-01-17T14:28:18","date_gmt":"2015-01-17T13:28:18","guid":{"rendered":"http:\/\/www.pool-agri.com\/cropcatcher\/?page_id=1001"},"modified":"2015-01-17T15:45:18","modified_gmt":"2015-01-17T14:45:18","slug":"offre-pre-saison-profiter-de-lavantage-pour-plus-de-recolte-en-2015","status":"publish","type":"page","link":"https:\/\/www.pool-agri.com\/cropcatcher\/offre-pre-saison-profiter-de-lavantage-pour-plus-de-recolte-en-2015\/","title":{"rendered":"Offre pr\u00e9-saison | Profiter de l&#8217;avantage pour plus de r\u00e9colte"},"content":{"rendered":"<h4><strong>Offre pr\u00e9-saison |<\/strong><strong><span style=\"color: #ff9900;\"> Profiter de l&#8217;avantage<\/span> pour <span style=\"color: #ff9900;\">plus de r\u00e9colte<\/span> en 2015<\/strong> <img loading=\"lazy\" decoding=\"async\" class=\"alignright\" src=\"http:\/\/www.pool-agri.com\/cropcatcher\/wp-content\/uploads\/sites\/11\/2014\/04\/CC_Francais-leaderboard_Pool-Agri_160x600_16-01-2015.gif\" alt=\"\" width=\"160\" height=\"600\" \/><\/h4>\n<p><strong>L&#8217;\u00e9cran \u00e0 attraper des grains Crop Catcher est une invention qui se classe dans la cat\u00e9gorie \u00ab <em>j\u2019aurai pu y penser moi-m\u00eame<\/em> \u00bb. Il s\u2019agit<\/strong><strong> d\u2019une invention simple et ing\u00e9nieuse en m\u00eame temps, un investissement qui se r\u00e9cup\u00e8re imm\u00e9diatement. D\u2019apparence simple, le Crop Catcher est un outil efficace qui r\u00e9sulte de beaucoup plus de savoir-faire et d\u2019expertise qu\u2019il ne semblerait \u00e0 premi\u00e8re vue. Les quelques 5.000 exemplaires vendus au travers le monde sont la preuve de son succ\u00e8s.<\/strong><\/p>\n<p><em>Le Crop Catcher fait exactement ce que son nom indique : il retient le produit qui normalement se perd au battage. Fini aussi l\u2019amoncellement de paille et de r\u00e9sidus de r\u00e9colte sur la gaine d\u2019introduction. <\/em><strong><span style=\"color: #ff9900;\"> 100%<\/span> de rendement, <span style=\"color: #ff9900;\">0%<\/span> de repousses<\/strong><\/p>\n<p>Le Crop Catcher retient le produit qui normalement se perd au battage. Pour le colza cette perte signifie facilement de 0,5 \u00e0 3 kilos par hectare, et avec les pick-up \u00e0 tapis, la perte peut se chiffrer \u00e0 12 kilos de colza par hectare ! Autre avantage : grains ou semences n\u2019atterrissent plus dans le chaume en passant par-dessus de la barre de coupe. Ils ne peuvent donc plus y produire une germination non souhait\u00e9e. Dans le cas d\u2019une seconde r\u00e9colte de betteraves sucri\u00e8res, les repousses du colza peuvent provoquer une augmentation de kystes de n\u00e9matodes nocifs. Le Crop Catcher minimalise les pertes de rendement et \u00e9vite une pulv\u00e9risation suppl\u00e9mentaire contre les repousses du colza et du grain. Fini aussi l\u2019amoncellement de paille et de r\u00e9sidus de r\u00e9colte sur la gaine d\u2019introduction. Le chauffeur dispose d\u2019une vue optimale qui lui permet de rep\u00e9rer \u00e0 temps les pierres et autres obstacles. Comme le dessus de la gaine d\u2019introduction reste propre, son nettoyage ne demande plus beaucoup de temps.<\/p>\n<p><strong>Les avantages du Crop Catcher<\/strong><\/p>\n<ul>\n<li><b><strong>\u00c9vite la germination non souhait\u00e9e du grain, du colza et d\u2019autres r\u00e9coltes<\/strong><\/b><\/li>\n<\/ul>\n<ul>\n<li><strong>Procure un gain de 0,5 \u00e0 3 kg en colza par hectare<\/strong><\/li>\n<\/ul>\n<ul>\n<li><strong>Plus de paille ni d\u2019ivraie sur la gaine d\u2019entr\u00e9e<\/strong><\/li>\n<\/ul>\n<ul>\n<li><strong>R\u00e9sistant aux rayures, \u00e0 la lumi\u00e8re UV ; incassable<\/strong><\/li>\n<\/ul>\n<ul>\n<li><strong>Peut rester attel\u00e9 en permanence<\/strong><\/li>\n<\/ul>\n<ul>\n<li><strong>Un rendement financier imm\u00e9diat<\/strong><\/li>\n<\/ul>\n<p><strong>Offre limit\u00e9e pr\u00e9-saison <\/strong>Le Crop Catcher est disponible en diff\u00e9rentes couleurs s\u2019adaptant \u00e0 presque tous les types de moissonneuse-batteuse. L&#8217;\u00e9cran \u00e0 attraper des grains Crop Catcher est <span style=\"color: #ff9900;\"><strong>temporairement <span style=\"color: #000000;\">disponible pour<\/span> seulement \u20ac 899<\/strong>*<\/span>. Jamais il n\u2019a \u00e9t\u00e9 aussi simple d\u2019obtenir 100% de rendement et 0% de repousse !<\/p>\n<h4><span style=\"color: #ff6600;\">Profiter de l&#8217;avantage<\/span> <span style=\"color: #000000;\">pour<\/span> <span style=\"color: #ff9900;\"><span style=\"color: #ff6600;\">plus de r\u00e9colte<\/span><\/span> <span style=\"color: #000000;\">en 2015!<\/span><\/h4>\n<p><strong><span style=\"color: #000000;\"><span class=\"hps\">commander un Crop Catcher\u00a0<\/span><span class=\"hps\">aupr\u00e8s de votre concessionaire <span style=\"color: #ff6600;\">aujourd&#8217;hui<\/span><\/span><\/span><\/strong><\/p>\n<p><span style=\"color: #000000;\">* offre limit\u00e9e pr\u00e9-saison Crop Catcher:<\/span><br \/>\n<span style=\"color: #000000;\"> &gt; commande jusqu&#8217;au 1er Mars 2015 et livraison jusqu&#8217;au le 1er Avril 2015<\/span><br \/>\n<span style=\"color: #000000;\"> &gt; prix hors TVA et d\u00e9part usine (EXW) Vroomshoop, Pays-Bas<\/span><\/p>\n","protected":false},"excerpt":{"rendered":"<p>Offre pr\u00e9-saison | Profiter de l&#8217;avantage pour plus de r\u00e9colte en 2015 L&#8217;\u00e9cran \u00e0 attraper des grains Crop Catcher est une invention qui se classe dans la cat\u00e9gorie \u00ab j\u2019aurai pu y penser moi-m\u00eame \u00bb. Il s\u2019agit d\u2019une invention simple et ing\u00e9nieuse en m\u00eame temps, un investissement qui se r\u00e9cup\u00e8re imm\u00e9diatement. D\u2019apparence simple, le Crop<br \/><a href=\"https:\/\/www.pool-agri.com\/cropcatcher\/offre-pre-saison-profiter-de-lavantage-pour-plus-de-recolte-en-2015\/\" class=\"more\">Read more<\/a><\/p>\n","protected":false},"author":2,"featured_media":0,"parent":0,"menu_order":0,"comment_status":"open","ping_status":"open","template":"","meta":{"_acf_changed":false,"footnotes":""},"class_list":["post-1001","page","type-page","status-publish","hentry"],"acf":[],"yoast_head":"<!-- This site is optimized with the Yoast SEO plugin v27.6 - https:\/\/yoast.com\/product\/yoast-seo-wordpress\/ -->\n<title>Offre pr\u00e9-saison | Profiter de l&#039;avantage pour plus de r\u00e9colte - Cropcatcher<\/title>\n<meta name=\"robots\" content=\"index, follow, max-snippet:-1, max-image-preview:large, max-video-preview:-1\" \/>\n<link rel=\"canonical\" href=\"https:\/\/www.pool-agri.com\/cropcatcher\/offre-pre-saison-profiter-de-lavantage-pour-plus-de-recolte-en-2015\/?lang=fr\" \/>\n<meta property=\"og:locale\" content=\"nl_NL\" \/>\n<meta property=\"og:type\" content=\"article\" \/>\n<meta property=\"og:title\" content=\"Offre pr\u00e9-saison | Profiter de l&#039;avantage pour plus de r\u00e9colte - Cropcatcher\" \/>\n<meta property=\"og:description\" content=\"Offre pr\u00e9-saison | Profiter de l&#8217;avantage pour plus de r\u00e9colte en 2015 L&#8217;\u00e9cran \u00e0 attraper des grains Crop Catcher est une invention qui se classe dans la cat\u00e9gorie \u00ab j\u2019aurai pu y penser moi-m\u00eame \u00bb. Il s\u2019agit d\u2019une invention simple et ing\u00e9nieuse en m\u00eame temps, un investissement qui se r\u00e9cup\u00e8re imm\u00e9diatement. D\u2019apparence simple, le CropRead more\" \/>\n<meta property=\"og:url\" content=\"https:\/\/www.pool-agri.com\/cropcatcher\/offre-pre-saison-profiter-de-lavantage-pour-plus-de-recolte-en-2015\/?lang=fr\" \/>\n<meta property=\"og:site_name\" content=\"Cropcatcher\" \/>\n<meta property=\"article:modified_time\" content=\"2015-01-17T14:45:18+00:00\" \/>\n<meta property=\"og:image\" content=\"http:\/\/www.pool-agri.com\/cropcatcher\/wp-content\/uploads\/sites\/11\/2014\/04\/CC_Francais-leaderboard_Pool-Agri_160x600_16-01-2015.gif\" \/>\n<meta name=\"twitter:label1\" content=\"Geschatte leestijd\" \/>\n\t<meta name=\"twitter:data1\" content=\"2 minuten\" \/>\n<script type=\"application\/ld+json\" class=\"yoast-schema-graph\">{\"@context\":\"https:\\\/\\\/schema.org\",\"@graph\":[{\"@type\":\"WebPage\",\"@id\":\"https:\\\/\\\/www.pool-agri.com\\\/cropcatcher\\\/offre-pre-saison-profiter-de-lavantage-pour-plus-de-recolte-en-2015\\\/?lang=fr\",\"url\":\"https:\\\/\\\/www.pool-agri.com\\\/cropcatcher\\\/offre-pre-saison-profiter-de-lavantage-pour-plus-de-recolte-en-2015\\\/?lang=fr\",\"name\":\"Offre pr\u00e9-saison | Profiter de l'avantage pour plus de r\u00e9colte - Cropcatcher\",\"isPartOf\":{\"@id\":\"https:\\\/\\\/www.pool-agri.com\\\/cropcatcher\\\/?lang=en\\\/#website\"},\"primaryImageOfPage\":{\"@id\":\"https:\\\/\\\/www.pool-agri.com\\\/cropcatcher\\\/offre-pre-saison-profiter-de-lavantage-pour-plus-de-recolte-en-2015\\\/?lang=fr#primaryimage\"},\"image\":{\"@id\":\"https:\\\/\\\/www.pool-agri.com\\\/cropcatcher\\\/offre-pre-saison-profiter-de-lavantage-pour-plus-de-recolte-en-2015\\\/?lang=fr#primaryimage\"},\"thumbnailUrl\":\"http:\\\/\\\/www.pool-agri.com\\\/cropcatcher\\\/wp-content\\\/uploads\\\/sites\\\/11\\\/2014\\\/04\\\/CC_Francais-leaderboard_Pool-Agri_160x600_16-01-2015.gif\",\"datePublished\":\"2015-01-17T13:28:18+00:00\",\"dateModified\":\"2015-01-17T14:45:18+00:00\",\"inLanguage\":\"nl-NL\",\"potentialAction\":[{\"@type\":\"ReadAction\",\"target\":[\"https:\\\/\\\/www.pool-agri.com\\\/cropcatcher\\\/offre-pre-saison-profiter-de-lavantage-pour-plus-de-recolte-en-2015\\\/?lang=fr\"]}]},{\"@type\":\"ImageObject\",\"inLanguage\":\"nl-NL\",\"@id\":\"https:\\\/\\\/www.pool-agri.com\\\/cropcatcher\\\/offre-pre-saison-profiter-de-lavantage-pour-plus-de-recolte-en-2015\\\/?lang=fr#primaryimage\",\"url\":\"http:\\\/\\\/www.pool-agri.com\\\/cropcatcher\\\/wp-content\\\/uploads\\\/sites\\\/11\\\/2014\\\/04\\\/CC_Francais-leaderboard_Pool-Agri_160x600_16-01-2015.gif\",\"contentUrl\":\"http:\\\/\\\/www.pool-agri.com\\\/cropcatcher\\\/wp-content\\\/uploads\\\/sites\\\/11\\\/2014\\\/04\\\/CC_Francais-leaderboard_Pool-Agri_160x600_16-01-2015.gif\"},{\"@type\":\"WebSite\",\"@id\":\"https:\\\/\\\/www.pool-agri.com\\\/cropcatcher\\\/?lang=en\\\/#website\",\"url\":\"https:\\\/\\\/www.pool-agri.com\\\/cropcatcher\\\/?lang=en\\\/\",\"name\":\"Cropcatcher\",\"description\":\"Een andere Pool Agri websites site\",\"potentialAction\":[{\"@type\":\"SearchAction\",\"target\":{\"@type\":\"EntryPoint\",\"urlTemplate\":\"https:\\\/\\\/www.pool-agri.com\\\/cropcatcher\\\/?lang=en\\\/?s={search_term_string}\"},\"query-input\":{\"@type\":\"PropertyValueSpecification\",\"valueRequired\":true,\"valueName\":\"search_term_string\"}}],\"inLanguage\":\"nl-NL\"}]}<\/script>\n<!-- \/ Yoast SEO plugin. -->","yoast_head_json":{"title":"Offre pr\u00e9-saison | Profiter de l'avantage pour plus de r\u00e9colte - Cropcatcher","robots":{"index":"index","follow":"follow","max-snippet":"max-snippet:-1","max-image-preview":"max-image-preview:large","max-video-preview":"max-video-preview:-1"},"canonical":"https:\/\/www.pool-agri.com\/cropcatcher\/offre-pre-saison-profiter-de-lavantage-pour-plus-de-recolte-en-2015\/?lang=fr","og_locale":"nl_NL","og_type":"article","og_title":"Offre pr\u00e9-saison | Profiter de l'avantage pour plus de r\u00e9colte - Cropcatcher","og_description":"Offre pr\u00e9-saison | Profiter de l&#8217;avantage pour plus de r\u00e9colte en 2015 L&#8217;\u00e9cran \u00e0 attraper des grains Crop Catcher est une invention qui se classe dans la cat\u00e9gorie \u00ab j\u2019aurai pu y penser moi-m\u00eame \u00bb. Il s\u2019agit d\u2019une invention simple et ing\u00e9nieuse en m\u00eame temps, un investissement qui se r\u00e9cup\u00e8re imm\u00e9diatement. D\u2019apparence simple, le CropRead more","og_url":"https:\/\/www.pool-agri.com\/cropcatcher\/offre-pre-saison-profiter-de-lavantage-pour-plus-de-recolte-en-2015\/?lang=fr","og_site_name":"Cropcatcher","article_modified_time":"2015-01-17T14:45:18+00:00","og_image":[{"url":"http:\/\/www.pool-agri.com\/cropcatcher\/wp-content\/uploads\/sites\/11\/2014\/04\/CC_Francais-leaderboard_Pool-Agri_160x600_16-01-2015.gif","type":"","width":"","height":""}],"twitter_misc":{"Geschatte leestijd":"2 minuten"},"schema":{"@context":"https:\/\/schema.org","@graph":[{"@type":"WebPage","@id":"https:\/\/www.pool-agri.com\/cropcatcher\/offre-pre-saison-profiter-de-lavantage-pour-plus-de-recolte-en-2015\/?lang=fr","url":"https:\/\/www.pool-agri.com\/cropcatcher\/offre-pre-saison-profiter-de-lavantage-pour-plus-de-recolte-en-2015\/?lang=fr","name":"Offre pr\u00e9-saison | Profiter de l'avantage pour plus de r\u00e9colte - Cropcatcher","isPartOf":{"@id":"https:\/\/www.pool-agri.com\/cropcatcher\/?lang=en\/#website"},"primaryImageOfPage":{"@id":"https:\/\/www.pool-agri.com\/cropcatcher\/offre-pre-saison-profiter-de-lavantage-pour-plus-de-recolte-en-2015\/?lang=fr#primaryimage"},"image":{"@id":"https:\/\/www.pool-agri.com\/cropcatcher\/offre-pre-saison-profiter-de-lavantage-pour-plus-de-recolte-en-2015\/?lang=fr#primaryimage"},"thumbnailUrl":"http:\/\/www.pool-agri.com\/cropcatcher\/wp-content\/uploads\/sites\/11\/2014\/04\/CC_Francais-leaderboard_Pool-Agri_160x600_16-01-2015.gif","datePublished":"2015-01-17T13:28:18+00:00","dateModified":"2015-01-17T14:45:18+00:00","inLanguage":"nl-NL","potentialAction":[{"@type":"ReadAction","target":["https:\/\/www.pool-agri.com\/cropcatcher\/offre-pre-saison-profiter-de-lavantage-pour-plus-de-recolte-en-2015\/?lang=fr"]}]},{"@type":"ImageObject","inLanguage":"nl-NL","@id":"https:\/\/www.pool-agri.com\/cropcatcher\/offre-pre-saison-profiter-de-lavantage-pour-plus-de-recolte-en-2015\/?lang=fr#primaryimage","url":"http:\/\/www.pool-agri.com\/cropcatcher\/wp-content\/uploads\/sites\/11\/2014\/04\/CC_Francais-leaderboard_Pool-Agri_160x600_16-01-2015.gif","contentUrl":"http:\/\/www.pool-agri.com\/cropcatcher\/wp-content\/uploads\/sites\/11\/2014\/04\/CC_Francais-leaderboard_Pool-Agri_160x600_16-01-2015.gif"},{"@type":"WebSite","@id":"https:\/\/www.pool-agri.com\/cropcatcher\/?lang=en\/#website","url":"https:\/\/www.pool-agri.com\/cropcatcher\/?lang=en\/","name":"Cropcatcher","description":"Een andere Pool Agri websites site","potentialAction":[{"@type":"SearchAction","target":{"@type":"EntryPoint","urlTemplate":"https:\/\/www.pool-agri.com\/cropcatcher\/?lang=en\/?s={search_term_string}"},"query-input":{"@type":"PropertyValueSpecification","valueRequired":true,"valueName":"search_term_string"}}],"inLanguage":"nl-NL"}]}},"_links":{"self":[{"href":"https:\/\/www.pool-agri.com\/cropcatcher\/wp-json\/wp\/v2\/pages\/1001","targetHints":{"allow":["GET"]}}],"collection":[{"href":"https:\/\/www.pool-agri.com\/cropcatcher\/wp-json\/wp\/v2\/pages"}],"about":[{"href":"https:\/\/www.pool-agri.com\/cropcatcher\/wp-json\/wp\/v2\/types\/page"}],"author":[{"embeddable":true,"href":"https:\/\/www.pool-agri.com\/cropcatcher\/wp-json\/wp\/v2\/users\/2"}],"replies":[{"embeddable":true,"href":"https:\/\/www.pool-agri.com\/cropcatcher\/wp-json\/wp\/v2\/comments?post=1001"}],"version-history":[{"count":0,"href":"https:\/\/www.pool-agri.com\/cropcatcher\/wp-json\/wp\/v2\/pages\/1001\/revisions"}],"wp:attachment":[{"href":"https:\/\/www.pool-agri.com\/cropcatcher\/wp-json\/wp\/v2\/media?parent=1001"}],"curies":[{"name":"wp","href":"https:\/\/api.w.org\/{rel}","templated":true}]}}